3 = 4*b. What are the prime factors of b?
7, 23
Suppose 10 = z - 0*z. Let j = -5 + z. Let x = 32 - j. What are the prime factors of x?
3
Let o(l) = 2*l**3 - 15*l**2 + 11*l - 12. Let v be o(6). Let w = 157 + v. List the prime factors of w.
103
Suppose 8 = -4*s + 8*s. Suppose s*u + 17 - 55 = 0. What are the prime factors of u?
19
Let y(k) = k**2 + 5*k. Let m = -4 - 4. Let z = m - -12. List the prime factors of y(z).
2, 3
Let h(x) = -5*x + 11. Let w(m) = -m**3 - m. Let t be w(-1). Suppose -6 = t*n + g, 0*n - 41 = 5*n - 4*g. List the prime factors of h(n).
2, 3
Let m(w) = 4*w**2 - 8*w + 109. List the prime factors of m(-22).
2221
Let m(o) = o**2 - 7*o + 8. Let u be m(7). Let s = u - 8. Suppose s*n = -4*n + 144. What are the prime factors of n?
2, 3
Suppose 4*f + 0*f = 8, 2*a + 2*f - 14 = 0. Suppose -a*i + 279 = 4*i. What are the prime factors of i?
31
What are the prime factors of ((-2 - -2) + -2)*(-131)/2?
131
Suppose 30*f = 349 + 1151. List the prime factors of f.
2, 5
Suppose 0 = d + 4*x - 1988, -73*d + 72*d + 3*x = -1988. List the prime factors of d.
2, 7, 71
Let x(m) = 20*m**3 + 2*m**2 - 2*m + 1. Let j = -55 - -56. List the prime factors of x(j).
3, 7
Let x = 1983 + -1315. What are the prime factors of x?
2, 167
Let x = 150 - -577. What are the prime factors of x?
727
List the prime factors of (-55749 - 10)/11*-1.
37, 137
Let v(u) = -418*u**3 - 3*u**2 - 6*u - 3. Let t be v(-1). Let g = 644 - t. List the prime factors of g.
2, 113
Suppose 0*t = -29*t + 35148. List the prime factors of t.
2, 3, 101
Suppose 18*f = 14*f. Suppose 5*o + 2*a - 32 = -f*a, -4*o + a = -36. Suppose 3*w - 61 = o. What are the prime factors of w?
23
Let a(c) = 3*c**2 - 10*c**2 - 7*c**2 - 1 - c**3 + 2*c**3 - 11*c. What are the prime factors of a(15)?
59
Suppose -2*l - 2*l - 88 = -4*v, -5*v - 4*l + 101 = 0. Let h be 6/v + (-696)/(-14). Suppose 4*n = -n + h. List the prime factors of n.
2, 5
Let z be -1 + 4 - (269 - 0)*-1. Suppose 8 = 4*a, 0*k - z = -k + 5*a. List the prime factors of k.
2, 3, 47
Let j = 31 - 23. Suppose 0 = 5*u - j*u + 204. What are the prime factors of u?
2, 17
Suppose 89 + 36 = 5*l. Suppose -45 = -i + l. List the prime factors of i.
2, 5, 7
Let y = -589 + 751. List the prime factors of y.
2, 3
Suppose -5*b + 2 + 3 = -2*r, -9 = -3*r + 2*b. Suppose i - x - r = 0, -7 = -3*i + x + 16. What are the prime factors of (248/(-6))/((-6)/i)?
2, 31
Suppose 1 = -s, 4*o + 10*s - 3446 = 8*s. List the prime factors of o.
2, 431
What are the prime factors of 1260/(-7)*(406/(-6))/7?
2, 3, 5, 29
Let y = 1 + -13. Let a = y + 12. Suppose -s + 0*s + 32 = a. What are the prime factors of s?
2
Let j = 137 + 578. List the prime factors of j.
5, 11, 13
Let k be 0/(-2) + 4 + -1. Suppose -h + r = 2, 0*r = 4*h + k*r - 13. Suppose h = 2*p - 23. List the prime factors of p.
2, 3
Suppose 2*i = -5*h + 19, 3*h - 3*i = -2*h + 34. Suppose -h*o = -283 + 88. List the prime factors of o.
3, 13
Suppose -13*y - 8 = -17*y. Suppose 2*f = 2*u - f - 85, 4*u + y*f = 130. Suppose -3*b - 8 = -u. What are the prime factors of b?
3
Let a be 14/(22/(-12) + 2). Suppose -3*r = -0*r. Suppose r = 3*n - n - a. What are the prime factors of n?
2, 3, 7
Let n(v) = 10*v**2 - 1. Let s be n(1). Suppose 4*q - 27 = s. List the prime factors of q.
3
Let j(c) be the third derivative of c**5/60 + c**4/4 - 2*c**3/3 - 5*c**2. Let f be j(-7). Suppose f*a + 60 = 8*a. What are the prime factors of a?
2, 3
Suppose -5*z + 3*x = -14952 - 8387, -z = -4*x - 4661. List the prime factors of z.
7, 23, 29
Let r = 61 - 59. List the prime factors of ((-174)/(-9))/(r/18).
2, 3, 29
Suppose -12*t + 10*t = -976. What are the prime factors of t?
2, 61
Let g(w) = -3*w - 3. Let j be g(-5). Suppose 2*h - 800 = -3*h + 3*l, -4*l = h - 160. Suppose -17*z + j*z = -h. List the prime factors of z.
2
Let i = -8 + 19. Let h(v) = v - 8. Let b be h(i). Suppose 2*l + 4*j - 40 = 0, 5*j = -b*l + j + 64. List the prime factors of l.
2, 3
Suppose -3*j + 768 = -j + 3*n, 3*j = -2*n + 1157. Suppose 0 = 2*g + 4*s - 388, 5*g - j = 3*g - 5*s. List the prime factors of g.
2, 7
Let c(r) = -113 - 2*r + 120 + 0*r. List the prime factors of c(-5).
17
Suppose -51805 = -116*w + 103*w. What are the prime factors of w?
5, 797
Let o = 34 + -32. Suppose -2*g = 5*a + g - 350, -2*a + 124 = -o*g. What are the prime factors of a?
67
List the prime factors of (-3)/(-9) + 2/((-48)/(-15352)).
2, 5
Suppose 3*x + 307 = -5*m, 0 = 3*x + x + m + 432. Let z = -40 - x. List the prime factors of z.
3, 23
List the prime factors of (0 + -2)*2/(-4)*1144.
2, 11, 13
Let t(v) = 76 + 2*v - v**2 - 6*v**2 + 6*v**2. What are the prime factors of t(0)?
2, 19
Suppose -n + 0 - 2 = 0. Let d(c) = -c**3 + 2*c**2 + c - 3. Let w(y) = y. Let t(x) = d(x) - 3*w(x). What are the prime factors of t(n)?
17
Suppose 0 = 4*b - s - 6257, -2*b - 5*s = -990 - 2155. List the prime factors of b.
5, 313
Suppose 3*o - q - 1266 = 0, 0 = -5*o + 4*q + 32 + 2085. Let c = o + -233. What are the prime factors of c?
2, 47
Let m(r) = -219*r + 159. What are the prime factors of m(-13)?
2, 3, 167
Let q(n) = n**3 - 5*n**2 - 4*n. Let w be q(6). Suppose 24 = 4*h - w. List the prime factors of h.
3
Let m = -18 + 19. Let n be 932 + (m - (2 + 1)). List the prime factors of n/18 - 2/3.
3, 17
Let a(g) be the third derivative of -g**5/24 + g**4/6 - g**3 + 6*g**2. Let t(i) be the first derivative of a(i). List the prime factors of t(-4).
2, 3
Suppose -2*t - l = -3, -t + 0*l - 2 = -3*l. List the prime factors of (-3*t - (-37)/(-2))*-4.
2, 43
Let u(l) = 51*l**2 + 25*l + 61. What are the prime factors of u(-8)?
5
Let t = -270 - -480. Suppose g = -g + t. Suppose -5*c + g - 20 = 0. List the prime factors of c.
17
Let w be 0 - (-2 + (-4 - 4)). Let r = w + 34. What are the prime factors of r?
2, 11
Let b be (9 + (1 - -2))*(-2)/(-6). Suppose 166 = 2*d + b*f, d + 8*f = 3*f + 89. What are the prime factors of d?
79
Suppose -4*a + 2 = 5*t, -3*t = -0*a - 3*a + 15. Suppose -y - a = -6. Let g(c) = 2*c**2 + 2*c. List the prime factors of g(y).
2, 3
Let h(o) = -o + 79. List the prime factors of h(5).
2, 37
Let n(d) = -d**3 + 25*d**2 + 29*d + 16. List the prime factors of n(23).
1741
Suppose -32*d + 11807 + 55841 = 0. What are the prime factors of d?
2, 7, 151
Suppose 0*m + 12789 = 21*m. List the prime factors of m.
3, 7, 29
Let a(o) = -o - 9. Let k be a(-10). Suppose -5*y - k + 11 = 0. Suppose -3*l + 28 = -y. List the prime factors of l.
2, 5
Let i(s) = -s**2 - 28*s + 8. Let z be i(-27). What are the prime factors of 4109/z + 2 - 4/10?
7, 17
Suppose 1508 = 4*a - 2520. Suppose 6*w = -221 + a. List the prime factors of w.
131
Suppose -5*m = -2*m - 48. Suppose -2*a + 4 = -m. Suppose -5 = -h, -p + 5*h + 21 = -a. List the prime factors of p.
2, 7
Let t(u) = -13*u**3 - 3*u**2 + 7*u + 5. What are the prime factors of t(-4)?
761
Let g = -551 + 1330. What are the prime factors of g?
19, 41
Suppose 5*j = 16 + 84. List the prime factors of (292/10)/(2/j).
2, 73
Let b(i) = 3 + 1 - 3 + i**3 - 2*i**3. Let l be b(1). Suppose -2*g + s = -64, l = -2*s - 0*s + 4. What are the prime factors of g?
3, 11
Suppose -3*h = 2*m + 11, 6*m - 2*h - 3 = 3*m. Let c be 36 + m/((-1)/(-4)). Let z = c - 20. List the prime factors of z.
2, 3
Let w(d) = -12*d + 10. Let t be w(-7). Let l = -19 + t. What are the prime factors of l?
3, 5
Let p be -5 + ((-25)/(-5) - -2). Suppose 2*y - 2*i = 283 + 19, -y = p*i - 151. List the prime factors of y.
151
Suppose -15*x - 166 = -13*x. Let a = x - -126. What are the prime factors of a?
43
Suppose -3*u + 2*w = -825, 6 = -60*w + 62*w. List the prime factors of u.
277
Let v(z) be the third derivative of -z**5/60 - 5*z**4/12 - 4*z**3/3 + 11*z**2. List the prime factors of v(-7).
13
Let n be (6/(-9))/((-6)/189). Let t = n - 29. List the prime factors of (4 + 8)*t/(-6).
2
Let j be 3 + 4*(-76)/8. Let g = -4 - -6. What are the prime factors of ((-14)/j)/(g/130)?
2, 13
Suppose 0 = -12*y - 533 + 1757. List the prime factors of y.
2, 3, 17
Let g = -464 - -810. List the prime factors of g.
2, 173
Suppose 0 = 5*z - 2 - 8. Suppose 0 = z*u + 2*u + 104. Let v = u + 62. List the prime factors of v.
2, 3
Let g(w) = 0*w - 2*w**3 + 5*w**3 - 2*w**3 + 4*w**2 + 2*w + 5. Let x be g(-4). Let u(v) = 5*v**2 + 2*v + 4. What are the prime factors of u(x)?
43
Let j(l) = -l - 7. Let 